der when h is divided by 22.
4
Suppose -3*s = -2*p - 429 + 142, -p = 4*s - 379. Calculate the remainder when 853 is divided by s.
93
Let y(g) = 10*g - 1937 + 1937. Let t be y(8). Let o = 117 - t. Calculate the remainder when 110 is divided by o.
36
Suppose -25*v - 18 + 168 = 0. Suppose 0 = -v*s - 403 + 2335. Calculate the remainder when s is divided by 54.
52
Let k = -24091 + 24466. Calculate the remainder when k is divided by 85.
35
Let o(c) be the first derivative of c**3/3 + 2*c**2 - 3*c - 5. Suppose 60 = h + 4*w, -2*h - h + 3*w = -150. What is the remainder when h is divided by o(3)?
16
What is the remainder when 240 is divided by (-36)/(-27)*(68 - 2)?
64
Let j = -667 - -671. Suppose -2*r + j*z + 80 = 0, 5*z + 76 = 2*r + 3*z. Calculate the remainder when 138 is divided by r.
30
Suppose 1250*k + 756 = 1271*k - 189. Calculate the remainder when k is divided by 22.
1
Let y be 3 + (5 + -8 - -4). Let c be ((-1)/y + 1)*4. Suppose -2*g + 9*f = 4*f - 115, -c*g - 5*f = -110. Calculate the remainder when 132 is divided by g.
42
Let r be (163/4 + -6)*2*2. Let t = 196 - r. What is the remainder when 113 is divided by t?
56
Suppose 0 = -608*u + 605*u - 27. Calculate the remainder when 15 is divided by (-3*(-8)/u*3)/(-1).
7
Let f be 4/(-3)*(-1 - -3)*-3. Suppose 2*i = -0 + f. Suppose i*p - 116 = 5*b, p + 4*b - 6 = 2. Calculate the remainder when p is divided by 10.
4
Suppose 0 = -46*j + 71*j - 872 - 228. Calculate the remainder when j is divided by (18/4)/((-2)/(-8)).
8
Suppose -5*o + 4*o - 21 = 0. Let h = 22 + o. Suppose h + 3 = 2*z + k, -3*k - 12 = 0. What is the remainder when 22 is divided by z?
2
What is the remainder when 2/4 + 43370/20 is divided by 70?
69
Suppose 3*g = 26*y - 23*y - 297, 0 = -5*y - 4*g + 432. What is the remainder when 460 is divided by y?
0
Suppose 28*m = 23*m + 165. Calculate the remainder when m is divided by 6.
3
Let f(v) = -v**3 - 13*v**2 + 21*v + 439. What is the remainder when 1589 is divided by f(-12)?
41
Let r(z) = 2*z**3 - 4*z**2 + 15*z - 21. Let j be r(9). Suppose 7150 = 13*t + j. What is the remainder when t is divided by 57?
55
Let u(b) be the first derivative of 4*b**4 + 5*b**3/3 - 7*b**2/2 + 2*b - 14. What is the remainder when 65 is divided by u(1)?
1
Suppose -732 + 4682 = 5*k + 5*l, -3160 = -4*k + 3*l. Calculate the remainder when 2379 is divided by k.
9
Calculate the remainder when 2/20 - ((-16495)/50 - -9) is divided by 103.
12
Suppose 12 + 44 = 2*s. Suppose 3*y - 4*a = 895 - 250, -11*y = -3*a - 2435. Calculate the remainder when y is divided by s.
27
Let b be 3 - 0 - -4*73/4. What is the remainder when 335 is divided by 50/75 + -2 + b/3?
23
Suppose 2*l + 4*s = -46, -7*l - s = -12*l - 71. What is the remainder when 106 is divided by 24/l*90/(-4)?
34
Let s = 26 + -11. Let j = 161605 - 161571. What is the remainder when j is divided by s?
4
Let q = 13321 + -7214. What is the remainder when q is divided by 26?
23
Let z = 454 + -436. Let x = -15 - -40. What is the remainder when x is divided by z - (3 - (-8 + 6))?
12
Suppose -3*q + 306 + 93 = 0. Let p = q + -133. Suppose -5*g - 5*w = -180, p = 2*w - 3*w + 5. Calculate the remainder when g is divided by 17.
14
Let j = -1369 + 1422. Calculate the remainder when 6888 is divided by j.
51
Let m(t) = -667*t - 4584. Calculate the remainder when m(-7) is divided by 42.
1
Suppose 6*l - 164 = -464. Let o = 83 + l. What is the remainder when 75 is divided by o?
9
Let n(c) = -183*c + 343. Calculate the remainder when 262 is divided by n(1).
102
Let j be (13 + -52 - -7)*(-2)/(-1). Let b = j - -67. Let i = -12 + 22. What is the remainder when i is divided by b?
1
Let o = 1326 + -1284. Suppose 5*w - 196 = 399. What is the remainder when w is divided by o?
35
Let n = -21491 - -21512. Calculate the remainder when 13247 is divided by n.
17
Let y(n) = 7*n**2 - 4*n + 5. Suppose -5*x - 17 = i - 5*i, 3*x = -i. Calculate the remainder when y(-3) is divided by x - (-4)/7 - 597/(-21).
24
Let s(l) = -10*l**2 - 9*l - 60. Let v be s(6). Let o = 492 + v. What is the remainder when 448 is divided by o?
16
Let a(l) = l**2 - 14*l + 56. Let n be a(21). Suppose 0 = -9*h + 851 - n. Calculate the remainder when 140 is divided by h.
68
Let r(o) = 63*o - 629. Calculate the remainder when 559 is divided by r(12).
51
Suppose 4*a - 20 = 3*s + 85, 0 = -2*s + 4*a - 70. Let r = 39 + s. Suppose -5*x - r*p + 224 = -176, 0 = 4*p. Calculate the remainder when x is divided by 28.
24
Suppose -2*d = -c - 254, -3*c = -4*d - 7*c + 484. Suppose -124*h = -d*h + 12. Let v = 12 + 70. What is the remainder when v is divided by h?
10
Suppose -2*d = -0*d + 3*d - 775. Calculate the remainder when 481 is divided by d.
16
Let h(f) = 9*f**2 + 16*f + 44. Let x be h(-7). Calculate the remainder when x - (-39 + 4)/(-7) is divided by 37.
35
What is the remainder when 136 is divided by 2 - (-66 + (7 - 2))?
10
Let k = 65 - 20. Suppose -5*z = g - 80, g - 2*z - 68 = -z. Let o = g - 58. Calculate the remainder when k is divided by o.
9
Let r be (-1071)/(-28) + 4/(-16). Let f(c) = 7*c. Let p be f(-3). Let o = r - p. What is the remainder when o is divided by 15?
14
Suppose 4*p + 8 = -0*p. Let u = -27 + 46. What is the remainder when u is divided by (0 - (-5)/p)*-2?
4
Let f(n) = 1259*n - 2305. Calculate the remainder when f(4) is divided by 16.
11
Let u(x) = x**3 - 50*x**2 + 142*x + 81. What is the remainder when u(47) is divided by 7?
2
Suppose -3*b + 4*f + 0*f + 113 = 0, 4*b + 4*f - 132 = 0. Let n = b - 43. Let d(s) = -s**3 - 9*s**2 - 8*s + 3. What is the remainder when 9 is divided by d(n)?
0
Let q(g) = -g**3 + 7*g - 8. Let a be (-4 - 0)/((0 + 1)/(-32)). Suppose 0 = -5*c + a - 8. What is the remainder when q(-6) is divided by c?
22
Let y be (-1)/((-2 - -5)/(-75)). Let w = -130 + 123. Let m = y + w. What is the remainder when 27 is divided by m?
9
Let h = -61 - -84. Suppose -155 + h = 4*y. Let x = -12 - y. Calculate the remainder when x is divided by 12.
9
Suppose 20 = 3*t - q - 0, 5*t + q - 44 = 0. What is the remainder when t/6*363/4 is divided by 33?
22
Suppose 2*m = -2*l + 44, 2*m + l = 3*l + 64. Suppose -s - 4*a = -m, 0 = 5*s - s - 4*a - 108. What is the remainder when 107 is divided by s?
26
Suppose 40*l - 126 = 19*l. Suppose -4*s - l*s = -3300. Calculate the remainder when s is divided by 37.
34
Suppose 19 = 4*z - 5*s, 2*z - 2*s + 562 - 574 = 0. Calculate the remainder when 755 is divided by z.
7
What is the remainder when 160468/1848 - (-7)/6 is divided by 18?
16
Let x(k) = -k**3 + 26*k**2 + 46*k + 27. Let m be x(28). Let t = 376 + m. What is the remainder when t is divided by 33?
24
Let w(s) be the third derivative of 0*s + 13/6*s**3 + 3*s**2 + 0 - 1/12*s**4. Calculate the remainder when 48 is divided by w(3).
6
Let h be (-7)/4 - (-6)/(-24). Suppose -2*i - i = -201. What is the remainder when i is divided by (-21)/h + (-5)/(-2) + -3?
7
Suppose 0 = -b - 1, 4*r - 447 = 22*b - 23*b. What is the remainder when r is divided by 30?
22
Suppose -8*x + 6*x + 4 = 0. Suppose -2*t + 2*y + 28 = 0, -2*t - y - x*y = -43. Let o = t + -1. What is the remainder when o is divided by 9?
7
Suppose -181*b + 5300 = -128*b. Suppose 64 + 17 = 3*m. Calculate the remainder when b is divided by m.
19
What is the remainder when 4365 is divided by (-273)/(-28)*24/27*(-7 - -13)?
49
Suppose -4074 + 490 = -128*i. What is the remainder when 299 is divided by i?
19
Let h = -1222 + 1762. Suppose i + 128 - 408 = 4*x, 0 = 2*i - 4*x - h. What is the remainder when i is divided by 66?
62
Suppose -9*a = -13*a + 24. Calculate the remainder when 209 is divided by 7 + 0 + (3 + 15)/a.
9
What is the remainder when 686 is divided by -3 - 90/30 - -43*8?
10
Let x(q) = 13*q**2 + 3*q + 4. Let g be x(-3). Suppose -1234 = -17*u - g. What is the remainder when 130 is divided by u?
64
Let k be (-5)/((-15)/(-3))*31. Let w(m) = 4*m + 351. Calculate the remainder when w(k) is divided by 74.
5
Let w = 47 + -26. Let t = 143 + -145. Let c(x) = -81*x - 89. Calculate the remainder when c(t) is divided by w.
10
Let q(h) = 2*h**3 - 36*h**2 + 3*h + 9. Let t be q(18). Suppose t*k = 62*k + 141. Let z = k + -124. Calculate the remainder when z is divided by 6.
5
Let h = -10 + 88. Calculate the remainder when (-11 + 2 - -17)*231/12 is divided by h.
76
Suppose 48*h - 9 = 14*h + 1249. Calculat